{"id":15,"date":"2026-02-23T21:55:07","date_gmt":"2026-02-23T20:55:07","guid":{"rendered":"https:\/\/bartloads24.pl\/?page_id=15"},"modified":"2026-04-21T14:04:49","modified_gmt":"2026-04-21T12:04:49","slug":"kontakt","status":"publish","type":"page","link":"https:\/\/bartloads24.pl\/?page_id=15","title":{"rendered":"Kontakt"},"content":{"rendered":"\n<p><strong>Kontakt<\/strong><\/p>\n\n\n\n<p>Je\u017celi szukasz solidnego wykonawcy do mycia elewacji i innych powierzchni, malowania elewacji i wn\u0119trz, prac na wysoko\u015bci, monta\u017cu o\u015bwietlenia lub monitoringu, zapraszamy do kontaktu. Ch\u0119tnie odpowiemy na pytania, om\u00f3wimy zakres prac i przygotujemy indywidualn\u0105 wycen\u0119.<\/p>\n\n\n\n<p><strong>Dane kontaktowe<\/strong><\/p>\n\n\n\n<ul class=\"wp-block-list\">\n<li>Telefon\/ WhatsApp: 0048 573 898 612<\/li>\n\n\n\n<li>E-mail: <a>bart.loads24@gmail.com<\/a><\/li>\n\n\n\n<li>Obszar dzia\u0142ania: Gorz\u00f3w Wielkopolski, Szczecin, Pozna\u0144, Zielona G\u00f3ra, Pi\u0142a oraz okolice. Mo\u017cliwy dojazd do klienta w zale\u017cno\u015bci od rodzaju zlecenia.<\/li>\n<\/ul>\n\n\n\n<p><strong>Wycena<\/strong><\/p>\n\n\n\n<p>Ka\u017cde zlecenie wyceniamy indywidualnie, w zale\u017cno\u015bci od rodzaju prac, zakresu realizacji oraz warunk\u00f3w technicznych na miejscu.<\/p>\n\n\n\n<p><strong>Zapraszamy do kontaktu<\/strong><\/p>\n\n\n\n<p>Skontaktuj si\u0119 z nami telefonicznie\/ WhatsApp lub mailowo. Ch\u0119tnie odpowiemy na wiadomo\u015b\u0107, ustalimy szczeg\u00f3\u0142y i pomo\u017cemy dobra\u0107 odpowiednie rozwi\u0105zanie.<\/p>\n","protected":false},"excerpt":{"rendered":"<p>Kontakt Je\u017celi szukasz solidnego wykonawcy do mycia elewacji i innych powierzchni, malowania elewacji i wn\u0119trz, prac na wysoko\u015bci, monta\u017cu o\u015bwietlenia lub monitoringu, zapraszamy do kontaktu. Ch\u0119tnie odpowiemy na pytania, om\u00f3wimy zakres prac i przygotujemy indywidualn\u0105 wycen\u0119. Dane kontaktowe Wycena Ka\u017cde zlecenie wyceniamy indywidualnie, w zale\u017cno\u015bci od rodzaju prac, zakresu realizacji oraz warunk\u00f3w technicznych na miejscu&#8230;.<\/p>\n","protected":false},"author":1,"featured_media":0,"parent":0,"menu_order":0,"comment_status":"closed","ping_status":"closed","template":"","meta":{"_kadence_starter_templates_imported_post":false,"_kad_post_transparent":"","_kad_post_title":"hide","_kad_post_layout":"","_kad_post_sidebar_id":"","_kad_post_content_style":"","_kad_post_vertical_padding":"","_kad_post_feature":"","_kad_post_feature_position":"","_kad_post_header":false,"_kad_post_footer":false,"_kad_post_classname":"","footnotes":""},"class_list":["post-15","page","type-page","status-publish","hentry"],"_links":{"self":[{"href":"https:\/\/bartloads24.pl\/index.php?rest_route=\/wp\/v2\/pages\/15","targetHints":{"allow":["GET"]}}],"collection":[{"href":"https:\/\/bartloads24.pl\/index.php?rest_route=\/wp\/v2\/pages"}],"about":[{"href":"https:\/\/bartloads24.pl\/index.php?rest_route=\/wp\/v2\/types\/page"}],"author":[{"embeddable":true,"href":"https:\/\/bartloads24.pl\/index.php?rest_route=\/wp\/v2\/users\/1"}],"replies":[{"embeddable":true,"href":"https:\/\/bartloads24.pl\/index.php?rest_route=%2Fwp%2Fv2%2Fcomments&post=15"}],"version-history":[{"count":4,"href":"https:\/\/bartloads24.pl\/index.php?rest_route=\/wp\/v2\/pages\/15\/revisions"}],"predecessor-version":[{"id":148,"href":"https:\/\/bartloads24.pl\/index.php?rest_route=\/wp\/v2\/pages\/15\/revisions\/148"}],"wp:attachment":[{"href":"https:\/\/bartloads24.pl\/index.php?rest_route=%2Fwp%2Fv2%2Fmedia&parent=15"}],"curies":[{"name":"wp","href":"https:\/\/api.w.org\/{rel}","templated":true}]}}